 is the units digit of q?
8
Let z(l) = -l**2 - 9*l + 2. Let s be z(-6). What is the units digit of 94/8 + 5/s?
2
Let g(z) = z**3 - 3*z**2 + 5*z - 3. Let c = -1 + 4. What is the tens digit of g(c)?
1
Let u(c) = 8*c**2 - 2*c - 18. Let j(b) = -3*b**2 + b + 6. Let w(d) = -11*j(d) - 4*u(d). Let q be 6/(9/12*2). What is the units digit of w(q)?
0
Let j(r) = r**3 + r**2 - r + 2. Let m be j(-2). Suppose 20 = -m*i + 2*i. What is the tens digit of i?
1
Suppose -f - 4*y = 14, -10 = -2*y + 4*y. Let o(d) = -7 + 3*d - 3 + 1. What is the units digit of o(f)?
9
Let d(u) = u**3 + 7*u**2 - u - 5. Let k be (-2 + 4)/((-2)/(-3)). Suppose k + 4 = -a. What is the units digit of d(a)?
2
Suppose 3*y - 3*r - 69 = 0, 0*r + 23 = y + 3*r. What is the tens digit of y?
2
Suppose 3 + 17 = 4*v. Suppose 7*y - 2*y - 47 = -2*f, -v*y + 89 = 4*f. Suppose f = 3*q + 5*i - 37, -2*q - 2*i = -32. What is the units digit of q?
1
What is the units digit of (45 - 4)*2/2?
1
Let w(y) = y**3 - 7*y**2 + 6*y - 1. Let m be w(6). What is the units digit of 5 + m + (-2 - 0)?
2
What is the units digit of 2/1*(22 + 4 + 0)?
2
Suppose 0 = y - w - 6, 0 = -3*y - 5*w - 6. Let l be (0*y/6)/2. Let g = l + 1. What is the units digit of g?
1
Let t(u) = 10*u**2 - u + 1. Let z be t(3). Suppose 5*j - z = 122. What is the units digit of j?
2
Let f(a) = a - 4. Let k(t) = -t + 7. Let c(g) = -5*f(g) - 3*k(g). Let j = -7 - -4. What is the units digit of c(j)?
5
Let c(d) = -d**2 - 7*d - 2. Suppose -3*v + 11 = 32. Let u be c(v). Let k(m) = -m**3 + 3*m**2 + 2*m - 1. What is the tens digit of k(u)?
1
Let w be 3/2 + 6/4. Let b(m) = m - 1. Let i be b(w). Suppose i*t = 5*t - 27. What is the units digit of t?
9
Let l = -3 + 3. Suppose 8 = -l*v + v. What is the units digit of v?
8
Let q(f) = f**2 + 5*f - 5. Let z be q(-6). Suppose 5*m + 19 = 4*v - 24, 2*v + 5*m + z = 0. What is the units digit of v?
7
Suppose -10*m + 7*m + 204 = 0. What is the tens digit of m?
6
Let j(s) = -8*s + 9. What is the units digit of j(-4)?
1
Let d(q) = 3*q - 1. Let c be d(3). Suppose 2*t - 4*t - c = 0. What is the tens digit of (-12)/t - (-11 + 1)?
1
Let k(g) be the second derivative of g**5/20 + g**3/6 + 2*g. What is the tens digit of k(2)?
1
Let n be 2 + -2 + 0 - 0. Let j be 0 + n + 12/3. Let i = j + -2. What is the units digit of i?
2
Let i(p) = -6*p. Let k be i(-4). Suppose s + 11 = k. Let n = s + -4. What is the units digit of n?
9
Suppose -k + 7 + 0 = 3*t, 2*k = -4*t + 6. Suppose t*a - 1 = 11. Suppose -a*c - c = -28. What is the units digit of c?
7
Let n(j) be the first derivative of 0*j - 2 - 1/2*j**2. What is the units digit of n(-6)?
6
Let r = 73 - 28. What is the units digit of r?
5
Let i(r) be the second derivative of r**4/6 + 5*r**3/6 - 2*r**2 + 2*r. Let k be i(-5). Suppose o = n - 1, 2*o + k = n + 6*o. What is the units digit of n?
5
Let b = 7 - -3. What is the tens digit of b?
1
Suppose 2*k - 216 = -2*k. Suppose 0*c - 3*c = -k. What is the units digit of c?
8
Suppose -a + 25 = -36. Suppose 2*d = 3 + a. What is the tens digit of d?
3
Suppose -2*m = 5 - 29. Suppose 0 = c + 4*i - 5*i - 3, m = 5*c - 2*i. What is the units digit of c?
2
Suppose 208 = 2*m + 2*m. What is the tens digit of m?
5
Let v(f) = f - 3. Let l be v(6). Let o = 45 + -24. Suppose l*y = -3 + o. What is the units digit of y?
6
Let p(n) = 2*n**2 - 4*n - 2. What is the tens digit of p(6)?
4
Suppose 4*u - 228 = -2*l, -u + 33 + 17 = 4*l. What is the tens digit of u?
5
Let n = 151 + -46. What is the units digit of n?
5
Let a(t) be the second derivative of t**4/12 + t**3/3 - 2*t**2 - 13*t. Suppose -4*k - k - 17 = -2*r, 3*r + 4*k = -32. What is the units digit of a(r)?
4
Let j(u) = 71*u + 3. Let h be j(6). What is the tens digit of h/(-11)*1*-1?
3
Suppose 0 = -27*j + 25*j + 440. What is the hundreds digit of j?
2
Suppose -5*w + 10 = -2*y + 98, 3*y + 2*w = 132. What is the units digit of y?
4
Let b = -92 - -497. What is the hundreds digit of b?
4
Suppose 2*n = 4*b - 12, -4*b + 7*n - 4*n + 14 = 0. Suppose -d - d + 10 = 0. Suppose 0 = z - d, 4*h + b*z - 40 = -2*z. What is the units digit of h?
5
Suppose -14*p = -12*p - 420. What is the units digit of p?
0
Suppose 0 = 2*n - 39 - 31. What is the tens digit of n?
3
Suppose -k + 5 = 3*q, -4*k + 7 = -13. Let w = 4 - q. What is the units digit of (-1 - 2)/((-2)/w)?
6
Let n = -21 + 45. What is the units digit of (n/15)/(2/10)?
8
Suppose 261 = 5*k + 2*y, 3*k - 55 - 113 = -5*y. What is the units digit of k?
1
Let o = 16 + -20. What is the units digit of -3 + 224/4 - o?
7
What is the tens digit of -85*((-42)/15 - (1 + -3))?
6
Let n = -76 - -129. What is the units digit of n?
3
Suppose 3*z = -3, 0*i - 3*z = 4*i - 45. Suppose i = 3*n - 0*n + 3*m, -2*n - 2 = 4*m. What is the units digit of ((-12)/n)/((-4)/30)?
0
Suppose 0 = -2*i - 3*l - 17, 4*i + 3*l + l + 24 = 0. Let z(s) = s**3 - 7*s**2 + 6*s + 3. Let n be z(6). What is the units digit of (i + n)/((-4)/(-38))?
9
Suppose l + 5*t - 65 = 0, -5*l - 2*t - 3*t = -365. What is the tens digit of l?
7
Let g be (-34)/(-6) - (-8)/(-12). Suppose 1 = -j + g. What is the units digit of j?
4
Suppose 0 = -5*f + 5*v - 25, -3*v = f + f. What is the units digit of f + (-3 - (-51)/3)?
1
Let f = 188 + -131. What is the units digit of f?
7
Let t be (-32)/(-5) + (-6)/15. Let h(q) = q**2 - 5*q - 3. What is the units digit of h(t)?
3
Let n be (-1)/((9/(-12))/3). Suppose 3*k - 51 = -q, n*k + 166 = q + 2*q. What is the tens digit of q?
5
Suppose l = -6*l + 203. What is the tens digit of l?
2
Let n = 4 + -11. Let w(y) = 6*y**2 + 2 + 3*y**2 - 4*y**2 + 7*y - 4*y**2. What is the units digit of w(n)?
2
Let b = -2 + 9. Let c = 30 - b. What is the units digit of c?
3
Let a(h) = 16*h**2 - h - 1. Let y(d) = d**2 - 4*d + 3. Let o be y(2). What is the tens digit of a(o)?
1
Suppose 6 = 2*d + d. Let f be d/7 + 76/28. Let v = 9 + f. What is the units digit of v?
2
Suppose -d - 3 = -2*d. Let f(w) = -1 + 3 - d*w - w**2 + 0. What is the units digit of f(-3)?
2
Let s = 9 - 16. Let f = s - -33. What is the tens digit of f?
2
Suppose 2*t - 8 - 2 = 0. Suppose -6*u + 2*u - 8 = -5*v, 0 = -t*u + 3*v + 3. What is the units digit of (2 - u)/(-1)*4?
4
Suppose 2*y - n - 8 = -2*y, 2*n - 20 = -4*y. What is the units digit of ((-4)/y)/(12/(-162))?
8
Let y be (0 + 1 + -2)*-3. Suppose -y = -3*u + 9. Let n = 8 - u. What is the units digit of n?
4
Let i = -26 + 50. What is the units digit of i?
4
Let r be (-3 - 1 - 2)*-5. Let i(m) = m**3 - 7*m**2 + m + 3. Let w be i(7). What is the units digit of ((-12)/w)/((-6)/r)?
6
Let h = 0 + -3. Let d = 17 + h. What is the units digit of d?
4
Let x(n) = -6*n. Let u be x(6). Let l = -1 - u. What is the tens digit of l?
3
Suppose -26 + 5 = -3*l. Let g = l + -5. What is the units digit of g?
2
Suppose 20 = 4*b - 3*s + 1, 0 = -4*s - 20. Let j = 3 - b. What is the units digit of j?
2
Let l = -2 + 0. Let k be 6*((-3)/l)/3. Suppose 0 = 5*x - 3*v - 23, 5*x - 19 = v + k*v. What is the units digit of x?
7
Let r(o) = o**2 - o + 4. Suppose -2*q + 4 = -3*u, 5*q + u = q - 20. What is the units digit of r(q)?
4
Let u be 6/8 + (-1323)/(-28). Suppose -u = -9*r + 8*r. What is the units digit of r?
8
Suppose 5 = 3*g - 7. What is the units digit of g?
4
Suppose 5*r - 5*l - 135 = 0, 4*r = -0*l + 5*l + 106. What is the tens digit of r?
2
Let x(l) = -l**3 - 12*l**2 - 15*l - 4. What is the units digit of x(-12)?
6
What is the tens digit of (-8)/(2/(-102)*3)?
3
Let j(n) = -n**3 - n - 2. Let c = 1 - 3. Let v be j(c). Suppose 7 = 3*k - v. What is the units digit of k?
5
Let v(f) = -f - 1. Let c(g) = -g**3 + 4*g**2 + 5*g + 6. Let s(x) = -c(x) - 3*v(x). Suppose 5*i - 50 = -5*z, 2 = -2*i + 3*z - 3. What is the tens digit of s(i)?
1
Let f(u) = -u**3 + 11*u**2 + 14*u - 9. Let k be f(12). Suppose 5*s - 89 = 21. Let c = s - k. What is the units digit of c?
7
Let g = -2 + 5. Let x be g/(-12)*-10*2. Let a(n) = n**2 - 5*n + 1. What is the units digit of a(x)?
1
What is the units digit of -2 + 0 + (6*17 - 1)?
9
Let n(j) = j**3 + 9*j**2 - j + 8. Let h be ((-8)/6)/(3/54). Let k = h - -15. What is the tens digit of n(k)?
1
Let j = -55 - -103. What is the tens digit of j?
4
Let g be (4*(-1)/(-2))/(-1). Suppose 0*a + 16 = -4*a, -2*r + a = -14. Let p = g + r. What is the units digit of p?
3
Suppose -6 = z + 8. Let u = z - -10. What is the units digit o